{"id":880,"date":"2024-10-07T11:08:43","date_gmt":"2024-10-07T11:08:43","guid":{"rendered":"https:\/\/compartiendoondas.com\/?page_id=880"},"modified":"2025-05-26T16:11:32","modified_gmt":"2025-05-26T16:11:32","slug":"compartiendo-ondas-11","status":"publish","type":"page","link":"https:\/\/compartiendoondas.com\/?page_id=880","title":{"rendered":"COMPARTIENDO ONDAS 11"},"content":{"rendered":"\n<p class=\"has-text-align-center has-vivid-cyan-blue-color has-text-color has-link-color has-x-large-font-size wp-elements-d872044f9de0b4dc92b5ff9492f1ae78\"><strong>COMPARTIENDO ONDAS 11<\/strong><\/p>\n\n\n\n<div style=\"height:30px\" aria-hidden=\"true\" class=\"wp-block-spacer\"><\/div>\n\n\n\n<p class=\"has-text-align-center has-medium-font-size\"><strong>RETOS PARA NUESTRO MUNDO SOSTENIBLE: RESPETO A LA NATURALEZA Y A LAS PERSONAS<\/strong><br><\/p>\n\n\n\n<div style=\"height:30px\" aria-hidden=\"true\" class=\"wp-block-spacer\"><\/div>\n\n\n\n<p class=\"has-text-align-center\"><strong>Asociaci\u00f3n Mou-te. Capacitaci\u00f3 i Oci<\/strong><br><\/p>\n\n\n\n<div style=\"height:30px\" aria-hidden=\"true\" class=\"wp-block-spacer\"><\/div>\n\n\n\n<p class=\"has-vivid-cyan-blue-color has-text-color has-link-color wp-elements-089c133de27eaf305c543d8885a20c31\"><strong>PARTICIPANTES<\/strong><\/p>\n\n\n\n<p class=\"has-black-color has-text-color has-link-color wp-elements-fc2ae6d57a008be0e344be8a0a9274df\"><strong>Adriel, Marcos, David, Alejandro, Hugo, Marta A, Luc\u00eda, Rieta, M\u00f3nica, Eric, Marta C, Elena, \u00c9rika, Tania, Santi, Esteban, Jaume y Amparo.<\/strong><\/p>\n\n\n\n<p class=\"has-vivid-cyan-blue-color has-text-color has-link-color wp-elements-b8c9cd7b49027be7137728cdc40af30f\"><strong>EQUIPO EDUCATIVO<\/strong><\/p>\n\n\n\n<p class=\"has-black-color has-text-color has-link-color wp-elements-0e5e21626dd7016c3dfbef73ff99a060\"><strong>Clara, Carola, Bel\u00e9n, Anna y Luc\u00eda.<\/strong><\/p>\n\n\n\n<div style=\"height:30px\" aria-hidden=\"true\" class=\"wp-block-spacer\"><\/div>\n\n\n\n<p>El gran equipo de chicas y de chicos de Mou-te, nos ayudan a comprender c\u00f3mo las personas y la naturaleza estamos relacionadas desde el respeto, la ayuda y la colaboraci\u00f3n, para aportar actitudes y acciones pac\u00edficas que mejoren el mundo d\u00eda a d\u00eda:<\/p>\n\n\n\n<p><strong>Los presentadores Adriel y Marcos<\/strong>, acompa\u00f1an los diferentes espacios radiof\u00f3nicos:<\/p>\n\n\n\n<p><strong>David, Alejandro y Hugo con EL NOTICIERO EXPR\u00c9S<\/strong>, con las noticias por la Vida Pac\u00edfica, inclusiva e Igualitaria en un mundo sostenible:<\/p>\n\n\n\n<p>Noticia 1 \u201cLos progresos en la Agenda 2030, con los ODS, para la eliminaci\u00f3n de la pobreza en el mundo, la defensa de los DDHH y la sostenibilidad de la Vida\u201d.&nbsp;<\/p>\n\n\n\n<p>Noticia 2: \u201cPor un futuro con agua en Espa\u00f1a\u201d.&nbsp;<\/p>\n\n\n\n<p>Noticia 3: \u201cValencia, capital verde europea, durante el 2024\u201d La Comisi\u00f3n Europea pone en valor la mirada sostenible que Valencia ha aplicado a su pol\u00edtica p\u00fablica, m\u00e1s amable y sostenible para las futuras generaciones.<\/p>\n\n\n\n<figure class=\"wp-block-image size-large\"><img loading=\"lazy\" decoding=\"async\" width=\"1024\" height=\"683\" src=\"https:\/\/compartiendoondas.com\/wp-content\/uploads\/2024\/10\/8-FOTO-1024x683.jpg\" alt=\"\" class=\"wp-image-893\" srcset=\"https:\/\/compartiendoondas.com\/wp-content\/uploads\/2024\/10\/8-FOTO-1024x683.jpg 1024w, https:\/\/compartiendoondas.com\/wp-content\/uploads\/2024\/10\/8-FOTO-300x200.jpg 300w, https:\/\/compartiendoondas.com\/wp-content\/uploads\/2024\/10\/8-FOTO-768x512.jpg 768w, https:\/\/compartiendoondas.com\/wp-content\/uploads\/2024\/10\/8-FOTO.jpg 1461w\" sizes=\"auto, (max-width: 1024px) 100vw, 1024px\" \/><\/figure>\n\n\n\n<p class=\"has-black-color has-text-color has-link-color wp-elements-ba8ed2393b25d05316e006e3802a1a0a\"><strong>EL TESTIMONIO<\/strong> de la abuela Carmen, para conocer su experiencia de la infancia y su respeto por la naturaleza, con <strong>Marta y Luc\u00eda<\/strong>.<\/p>\n\n\n\n<p class=\"has-black-color has-text-color has-link-color wp-elements-fa3c590606118046e0db6e20978a2f3b\">El momento intenso de <strong>LA ENTREVISTA, con las preguntas de Arrieta a M\u00f3nica<\/strong>, secretaria de Moute y profesora del taller textil en la entidad.&nbsp;<\/p>\n\n\n\n<p><strong>EL PASEO POR EL MUSEO<\/strong>, para conocer arte sobre el respeto a la naturaleza con el cuadro elegido por <strong>Tania y Bel\u00e9n<\/strong>, y el cuadro escogido por <strong>\u00c9ric y Luc\u00eda.<\/strong><\/p>\n\n\n\n<p>Con <strong>LA ENCUESTA<\/strong>,<strong> \u00c9rika y Elena <\/strong>han salido a la calle, para conocer qu\u00e9 piensan las personas del RESPETO.&nbsp;<\/p>\n\n\n\n<p>\u201cEl Desahucio\u201d es <strong>EL RELATO CORTO, elegido por Marta y narrado por Ele<\/strong>na.<\/p>\n\n\n\n<p><strong>LAS PERSONAS DE LA HISTORIA<\/strong> que han aportado algo de bienestar al mundo y a la humanidad, con <strong>Esteban<\/strong>: Rachel Carson, bi\u00f3loga marina y Jacques Cousteau, cient\u00edfico y divulgador para la protecci\u00f3n de los oc\u00e9anos y los mares.<\/p>\n\n\n\n<p><strong>RECOMENDACIONES PARA EL TIEMPO LIBRE, con Jaume y Amparo<\/strong>.<\/p>\n\n\n\n<p><strong>El POEMA de Adriel<\/strong>: \u201cLos retos\u201d.<\/p>\n\n\n\n<div style=\"height:30px\" aria-hidden=\"true\" class=\"wp-block-spacer\"><\/div>\n\n\n\n<figure class=\"wp-block-audio\"><audio controls src=\"https:\/\/compartiendoondas.com\/wp-content\/uploads\/2024\/10\/Mout-te.mp3\"><\/audio><figcaption class=\"wp-element-caption\"><strong>Dale al Play para escucharnos<\/strong><br><\/figcaption><\/figure>\n\n\n\n<div style=\"height:30px\" aria-hidden=\"true\" class=\"wp-block-spacer\"><\/div>\n\n\n\n<figure class=\"wp-block-image size-large\"><img loading=\"lazy\" decoding=\"async\" width=\"1024\" height=\"683\" src=\"https:\/\/compartiendoondas.com\/wp-content\/uploads\/2024\/10\/2-FOTO-1024x683.jpg\" alt=\"\" class=\"wp-image-895\" srcset=\"https:\/\/compartiendoondas.com\/wp-content\/uploads\/2024\/10\/2-FOTO-1024x683.jpg 1024w, https:\/\/compartiendoondas.com\/wp-content\/uploads\/2024\/10\/2-FOTO-300x200.jpg 300w, https:\/\/compartiendoondas.com\/wp-content\/uploads\/2024\/10\/2-FOTO-768x512.jpg 768w, https:\/\/compartiendoondas.com\/wp-content\/uploads\/2024\/10\/2-FOTO-1536x1024.jpg 1536w, https:\/\/compartiendoondas.com\/wp-content\/uploads\/2024\/10\/2-FOTO.jpg 1659w\" sizes=\"auto, (max-width: 1024px) 100vw, 1024px\" \/><\/figure>\n\n\n\n<div style=\"height:30px\" aria-hidden=\"true\" class=\"wp-block-spacer\"><\/div>\n\n\n\n<p class=\"has-text-align-center has-vivid-cyan-blue-color has-text-color has-link-color has-medium-font-size wp-elements-6fcf60f096fcf8a4c2222600794021e1\"><strong>EL TESTIMONIO<\/strong><\/p>\n\n\n\n<div style=\"height:30px\" aria-hidden=\"true\" class=\"wp-block-spacer\"><\/div>\n\n\n\n<p>Os vamos a contar muchas cosas la abuela M\u00aa Carmen<\/p>\n\n\n\n<div style=\"height:30px\" aria-hidden=\"true\" class=\"wp-block-spacer\"><\/div>\n\n\n\n<div class=\"wp-block-columns is-layout-flex wp-container-core-columns-is-layout-28f84493 wp-block-columns-is-layout-flex\">\n<div class=\"wp-block-column is-layout-flow wp-block-column-is-layout-flow\">\n<p><strong>Marta<\/strong>:<em> \u201cMi abuela ten\u00eda un gato, en su casa de X\u00e0tiva, y le daba comida tres veces al d\u00eda.<\/em><\/p>\n\n\n\n<p><em>En su casa no ten\u00eda campo, y por eso se marchaba alguna vez de excursi\u00f3n a la monta\u00f1a. Nos ha contado que cuando era peque\u00f1a, no hab\u00eda incendios\u201d<\/em><\/p>\n<\/div>\n\n\n\n<div class=\"wp-block-column is-layout-flow wp-block-column-is-layout-flow\">\n<p><strong>Luc\u00eda<\/strong>: <em>\u201cM\u00aa Carmen despu\u00e9s de X\u00e0tiva, se fue a vivir a Moncada, y ten\u00eda un perrito, gallinas, un conejo y palomas. En esta casa ten\u00eda un patio muy grande con pinos y otro patio donde estaban los animales. Ella les cuidaba y les pon\u00eda agua.<\/em><\/p>\n\n\n\n<p><em>Aqu\u00ed tambi\u00e9n iba de excursi\u00f3n, a la monta\u00f1a y a la playa, y cuidaba mucho la naturaleza\u201d<\/em><\/p>\n\n\n\n<p><\/p>\n<\/div>\n<\/div>\n\n\n\n<div style=\"height:30px\" aria-hidden=\"true\" class=\"wp-block-spacer\"><\/div>\n\n\n\n<p class=\"has-text-align-center has-vivid-cyan-blue-color has-text-color has-link-color has-medium-font-size wp-elements-57a7c55b139c2820af6179bfce5f6ed3\"><strong>LA ENTREVISTA<\/strong><\/p>\n\n\n\n<div style=\"height:30px\" aria-hidden=\"true\" class=\"wp-block-spacer\"><\/div>\n\n\n\n<p><strong>M\u00f3nica, te agradecemos que est\u00e9s en Compartiendo Ondas, y que nos cuentes tu experiencia y los proyectos de Mou-te:&nbsp;<\/strong><\/p>\n\n\n\n<p>Una de mis responsabilidades es la Secretaria de Mou-te, con mucho papeleo con presentaci\u00f3n de documentaci\u00f3n, y el trabajo en equipo para la coordinaci\u00f3n de los proyectos y las acciones. Y la segunda gran responsabilidad es el taller de costura, que forma parte de las propuestas de formaci\u00f3n laboral en el proyecto de Mou-te.<\/p>\n\n\n\n<p>En el taller hemos creado la marca <em>MON AMOUR<\/em>, ya que queremos dar una vuelta al concepto de la costura y del dise\u00f1o: queremos hacer que la moda sea universal, para que todas las personas tengan las mismas oportunidades de vestirse.&nbsp;<\/p>\n\n\n\n<p>Hasta ahora las personas nos adaptamos a la ropa que existe, y <em>MON AMOUR<\/em> hace que la prenda se adapte a la persona. Ejemplos hay muchos, si una persona le cuesta subir los brazos haremos que con la prenda ella se pueda vestir.<\/p>\n\n\n\n<p>El grupo de Mou-te aprenden muchas m\u00e1s cosas: facturaci\u00f3n, dise\u00f1o, patronaje\u2026&nbsp;<\/p>\n\n\n\n<p>\u00a1Es un gran proyecto!<\/p>\n\n\n\n<figure class=\"wp-block-image size-large\"><img loading=\"lazy\" decoding=\"async\" width=\"1024\" height=\"683\" src=\"https:\/\/compartiendoondas.com\/wp-content\/uploads\/2024\/10\/3-FOTO-1024x683.jpg\" alt=\"\" class=\"wp-image-899\" srcset=\"https:\/\/compartiendoondas.com\/wp-content\/uploads\/2024\/10\/3-FOTO-1024x683.jpg 1024w, https:\/\/compartiendoondas.com\/wp-content\/uploads\/2024\/10\/3-FOTO-300x200.jpg 300w, https:\/\/compartiendoondas.com\/wp-content\/uploads\/2024\/10\/3-FOTO-768x512.jpg 768w, https:\/\/compartiendoondas.com\/wp-content\/uploads\/2024\/10\/3-FOTO.jpg 1487w\" sizes=\"auto, (max-width: 1024px) 100vw, 1024px\" \/><\/figure>\n\n\n\n<p><strong>\u00bfCrees que Mou-te cuida el medioambiente?&nbsp;<\/strong><\/p>\n\n\n\n<p>Claro, intentamos utilizar la energ\u00eda necesaria, el reciclaje de papel, separaci\u00f3n de las diferentes basuras, utilizaci\u00f3n de materiales ecol\u00f3gicos, reutilizaci\u00f3n de telas\u2026por ello, dentro de nuestras posibilidades hacemos peque\u00f1as acciones sostenibles, que repercute en el cuidado de la Naturaleza y nuestro entorno.<\/p>\n\n\n\n<p><strong>\u00bfC\u00f3mo colabor\u00e1is en la sostenibilidad?<\/strong><\/p>\n\n\n\n<p>A trav\u00e9s de un gran grupo de personas que nos ayudan, y que aprovecho para agradecer su apoyo,&nbsp; y nos donan materiales, concretamente telas. Estas telas las reutilizamos y por tanto, las personas donantes como la propia asociaci\u00f3n aportamos sostenibilidad<\/p>\n\n\n\n<p><strong>\u00bfQu\u00e9 retos ten\u00e9is planteados en Mou-te para el futuro?<\/strong><\/p>\n\n\n\n<p>Queremos continuar acercando la discapacidad a las personas, y que no hay problema en hacer prendas diferentes, ya que las prendas pueden adaptarse a las personas.<\/p>\n\n\n\n<p><strong>\u00bfCrees que se respeta a las personas en Mou-te?<\/strong><\/p>\n\n\n\n<p>Para Mou-te las personas son la prioridad, ya que damos respuesta su formaci\u00f3n, en todos los sentidos. En lo que a m\u00ed me ocupa que es el textil, el respeto se demuestra con la elaboraci\u00f3n de las prendas, para que las personas est\u00e9n integradas, es decir que porque una persona no pueda ponerse o quitarse una cazadora no se vea limitada en ir a un sitio, o una bolsa que la arrastre o se le enrede en las ruedas de la silla, no pueda llevarla, y por tanto no meter su botella de agua.<\/p>\n\n\n\n<p>Son ejemplos muy concretos, en los que se demuestra que miramos primero por las personas.<\/p>\n\n\n\n<div style=\"height:30px\" aria-hidden=\"true\" class=\"wp-block-spacer\"><\/div>\n\n\n\n<p class=\"has-text-align-center has-vivid-cyan-blue-color has-text-color has-link-color has-medium-font-size wp-elements-2f0b38e65b9a83fd2fcada6ae780bff8\"><strong>PASEO POR EL MUSEO<\/strong><\/p>\n\n\n\n<div style=\"height:30px\" aria-hidden=\"true\" class=\"wp-block-spacer\"><\/div>\n\n\n\n<p>El cuadro seleccionado por TANIA:&nbsp;<\/p>\n\n\n\n<p>El cuadro se llama Mi gato y lo pint\u00f3 Franz Marc. He elegido este cuadro porque me gustan los gatos.&nbsp;<\/p>\n\n\n\n<p>Tengo un gato y lo cuido mucho.&nbsp;<\/p>\n\n\n\n<p>Os voy a describir el cuadro: Es un gato blanco que est\u00e1 dormido, con una mantita amarilla con estrellas naranjas y rojas.<\/p>\n\n\n\n<div class=\"wp-block-columns is-layout-flex wp-container-core-columns-is-layout-28f84493 wp-block-columns-is-layout-flex\">\n<div class=\"wp-block-column is-layout-flow wp-block-column-is-layout-flow\">\n<figure class=\"wp-block-image size-large\"><img loading=\"lazy\" decoding=\"async\" width=\"1024\" height=\"683\" src=\"https:\/\/compartiendoondas.com\/wp-content\/uploads\/2024\/10\/4-FOTO-1024x683.jpg\" alt=\"\" class=\"wp-image-905\" srcset=\"https:\/\/compartiendoondas.com\/wp-content\/uploads\/2024\/10\/4-FOTO-1024x683.jpg 1024w, https:\/\/compartiendoondas.com\/wp-content\/uploads\/2024\/10\/4-FOTO-300x200.jpg 300w, https:\/\/compartiendoondas.com\/wp-content\/uploads\/2024\/10\/4-FOTO-768x513.jpg 768w, https:\/\/compartiendoondas.com\/wp-content\/uploads\/2024\/10\/4-FOTO.jpg 1500w\" sizes=\"auto, (max-width: 1024px) 100vw, 1024px\" \/><\/figure>\n<\/div>\n\n\n\n<div class=\"wp-block-column is-layout-flow wp-block-column-is-layout-flow\">\n<figure class=\"wp-block-image size-large\"><img loading=\"lazy\" decoding=\"async\" width=\"1024\" height=\"683\" src=\"https:\/\/compartiendoondas.com\/wp-content\/uploads\/2024\/10\/5-FOTO-1024x683.jpg\" alt=\"\" class=\"wp-image-906\" srcset=\"https:\/\/compartiendoondas.com\/wp-content\/uploads\/2024\/10\/5-FOTO-1024x683.jpg 1024w, https:\/\/compartiendoondas.com\/wp-content\/uploads\/2024\/10\/5-FOTO-300x200.jpg 300w, https:\/\/compartiendoondas.com\/wp-content\/uploads\/2024\/10\/5-FOTO-768x512.jpg 768w, https:\/\/compartiendoondas.com\/wp-content\/uploads\/2024\/10\/5-FOTO-1536x1024.jpg 1536w, https:\/\/compartiendoondas.com\/wp-content\/uploads\/2024\/10\/5-FOTO.jpg 1896w\" sizes=\"auto, (max-width: 1024px) 100vw, 1024px\" \/><\/figure>\n<\/div>\n<\/div>\n\n\n\n<p>El cuadro elegido por \u00c9RIC: &nbsp;<\/p>\n\n\n\n<p>Os voy a hablar del cuadro llamado \u201cPaisaje de Animales de la Selva\u201d. &nbsp;<\/p>\n\n\n\n<p>Hay un elefante, un mono, un tigre, dos flamencos, un jaguar, tres loros y cuatro mariposas.<\/p>\n\n\n\n<p>Me gustan los colores y c\u00f3mo han dibujado a los animales. Todos los animales est\u00e1n juntos, porque respetan la Naturaleza, que est\u00e1 limpia.&nbsp;<\/p>\n\n\n\n<p>El cuadro nos ense\u00f1a que podemos aprender a cuidar la Naturaleza.<\/p>\n\n\n\n<div style=\"height:30px\" aria-hidden=\"true\" class=\"wp-block-spacer\"><\/div>\n\n\n\n<p class=\"has-text-align-center has-vivid-cyan-blue-color has-text-color has-link-color has-medium-font-size wp-elements-297a81db65e93dc80cfff8314ff43c00\"><strong>EL RELATO<\/strong>: \u201cEl desahucio\u201d<\/p>\n\n\n\n<div style=\"height:30px\" aria-hidden=\"true\" class=\"wp-block-spacer\"><\/div>\n\n\n\n<p><em>\u201cTras varias jornadas de trabajo intenso, all\u00ed no qued\u00f3 nada. No quedaron ni las aves, ni los insectos pues sus ruidos hab\u00edan desaparecido.<\/em><\/p>\n\n\n\n<p><em>Tras el primer momento de confusi\u00f3n huyeron en busca de un nuevo hogar que crear all\u00e1 lejos, donde quiz\u00e1 no pertenezcan.<\/em><\/p>\n\n\n\n<p><em>No quedaron ni los peque\u00f1os mam\u00edferos ni los grandes herb\u00edvoros, pues su bosque estaba ahora dormido. El suave aroma de las plantas se esfumaba poco a poco.&nbsp;<\/em><\/p>\n\n\n\n<p><em>No qued\u00f3 rastro de vida, ni de paisaje de la naturaleza. Tan solo el ruido de los camiones permaneci\u00f3 durante un tiempo, alej\u00e1ndose lentamente, arrastrando enormes maderas, ramas y troncos\u201d<\/em><\/p>\n\n\n\n<p>Triste y real historia de c\u00f3mo las personas podemos destruir la naturaleza. As\u00ed somos insostenibles.<\/p>\n\n\n\n<p>Este relato nos demuestra que los seres humanos podemos ser muy destructivos y deber\u00edamos responsabilizarnos m\u00e1s, para arreglarlo.<\/p>\n\n\n\n<div style=\"height:30px\" aria-hidden=\"true\" class=\"wp-block-spacer\"><\/div>\n\n\n\n<p class=\"has-text-align-center has-vivid-cyan-blue-color has-text-color has-link-color has-medium-font-size wp-elements-a010b0b546727c8326eb02e424edca8a\"><strong>LAS PERSONAS DE LA HISTORIA, con Esteban<\/strong><\/p>\n\n\n\n<div style=\"height:30px\" aria-hidden=\"true\" class=\"wp-block-spacer\"><\/div>\n\n\n\n<div class=\"wp-block-columns is-layout-flex wp-container-core-columns-is-layout-28f84493 wp-block-columns-is-layout-flex\">\n<div class=\"wp-block-column is-layout-flow wp-block-column-is-layout-flow\">\n<figure class=\"wp-block-image size-large\"><img loading=\"lazy\" decoding=\"async\" width=\"819\" height=\"1024\" src=\"https:\/\/compartiendoondas.com\/wp-content\/uploads\/2024\/10\/7-FOTO-819x1024.jpg\" alt=\"\" class=\"wp-image-907\" srcset=\"https:\/\/compartiendoondas.com\/wp-content\/uploads\/2024\/10\/7-FOTO-819x1024.jpg 819w, https:\/\/compartiendoondas.com\/wp-content\/uploads\/2024\/10\/7-FOTO-240x300.jpg 240w, https:\/\/compartiendoondas.com\/wp-content\/uploads\/2024\/10\/7-FOTO-768x960.jpg 768w, https:\/\/compartiendoondas.com\/wp-content\/uploads\/2024\/10\/7-FOTO.jpg 1174w\" sizes=\"auto, (max-width: 819px) 100vw, 819px\" \/><\/figure>\n<\/div>\n\n\n\n<div class=\"wp-block-column is-vertically-aligned-center is-layout-flow wp-block-column-is-layout-flow\">\n<p>Rechelle public\u00f3 \u201cLa primavera silenciosa\u201d, en el que alert\u00f3 sobre el uso de insecticidas en la agricultura y el medioambiente. Gracias a esta obra y a\u00f1os posteriores, la agencia de protecci\u00f3n ambiental de EEUU, prohibi\u00f3 el pesticida como el TDT. Ella ayud\u00f3 a crear una conciencia mundial sobre los efectos de la acci\u00f3n humana en el medio ambiente con productos qu\u00edmicos.<\/p>\n\n\n\n<p>Jaques Coustou, fue el primero en desvelarnos las maravillas del Oceano, bi\u00f3logo y ocean\u00f3grafo que tambi\u00e9n ayud\u00f3 a visibilizar los problemas del medioambiente y sus consecuencias, a trav\u00e9s de sus investigaciones.<\/p>\n<\/div>\n<\/div>\n\n\n\n<div style=\"height:30px\" aria-hidden=\"true\" class=\"wp-block-spacer\"><\/div>\n\n\n\n<p class=\"has-text-align-center has-vivid-cyan-blue-color has-text-color has-link-color has-medium-font-size wp-elements-a2144f3886842cc0494528bc001047e3\"><strong>RECOMENDACIONES PARA EL TIEMPO LIBRE<\/strong><\/p>\n\n\n\n<div style=\"height:30px\" aria-hidden=\"true\" class=\"wp-block-spacer\"><\/div>\n\n\n\n<p>Apoyo a las acciones de&nbsp; sostenibilidad y el respeto a las personas y la naturaleza.<\/p>\n\n\n\n<p>Podemos acudir a organizaciones que apoyan acciones de respeto a la naturaleza, como ir a las playas a realizar recogidas de desperdicios que dejan las personas.<\/p>\n\n\n\n<p>Otra actividad puede ser la de plantar \u00e1rboles y aprender a reciclar adecuadamente nuestros desperdicios.<\/p>\n\n\n\n<p>Tambi\u00e9n podemos utilizar el transporte p\u00fablico para desplazarnos.<\/p>\n\n\n\n<figure class=\"wp-block-image size-large\"><img loading=\"lazy\" decoding=\"async\" width=\"1024\" height=\"683\" src=\"https:\/\/compartiendoondas.com\/wp-content\/uploads\/2024\/10\/6-FOTO-1024x683.jpg\" alt=\"\" class=\"wp-image-908\" srcset=\"https:\/\/compartiendoondas.com\/wp-content\/uploads\/2024\/10\/6-FOTO-1024x683.jpg 1024w, https:\/\/compartiendoondas.com\/wp-content\/uploads\/2024\/10\/6-FOTO-300x200.jpg 300w, https:\/\/compartiendoondas.com\/wp-content\/uploads\/2024\/10\/6-FOTO-768x512.jpg 768w, https:\/\/compartiendoondas.com\/wp-content\/uploads\/2024\/10\/6-FOTO-1536x1025.jpg 1536w, https:\/\/compartiendoondas.com\/wp-content\/uploads\/2024\/10\/6-FOTO.jpg 2000w\" sizes=\"auto, (max-width: 1024px) 100vw, 1024px\" \/><\/figure>\n\n\n\n<p>Os invito a aprender de los documentales del Nacional Geogr\u00e0fic, sobre el cambio clim\u00e1tico. Entre ellos destaco \u201cAntes de que sea tarde\u201d, pel\u00edcula documental que nos habla del cambio clim\u00e1tico.<\/p>\n\n\n\n<p>En series, recomiendo Fallout, que se basa en un videojuego muy famosa. Esta serie trata de una cat\u00e1strofe nuclear en la que los habitantes que han sobrevivido tienen que convivir entre ellos. Es muy interesante para poder ver c\u00f3mo resuelven los conflcitos y as\u00ed sacar tus propias conclusiones.<\/p>\n\n\n\n<div style=\"height:30px\" aria-hidden=\"true\" class=\"wp-block-spacer\"><\/div>\n\n\n\n<p class=\"has-text-align-center has-vivid-cyan-blue-color has-text-color has-link-color has-medium-font-size wp-elements-8bca2353d3b4c2d8f491c0dc9b217ec3\"><strong>POEMA<\/strong> de Adriel<\/p>\n\n\n\n<div style=\"height:30px\" aria-hidden=\"true\" class=\"wp-block-spacer\"><\/div>\n\n\n\n<p><em>Con este poema os quiero transmitir las dificultades que supone enfrentarse a los restos, y la satisfacci\u00f3n personal que se siente al conseguirlo, y por ello os invito a sentirlo: LOS RETOS.&nbsp;<\/em><\/p>\n\n\n\n<p>Mi mente despierta con una nueva visi\u00f3n de seguir adelante, con la idea de enfrentar al enemigo otra vez.<\/p>\n\n\n\n<p>Sigo probando cada d\u00eda. Luchar contra este poderoso ser que me detiene en el mismo sitio, y me impide avanzar hacia el objetivo que debo de cumplir.<\/p>\n\n\n\n<p>Otros dir\u00edan: \u201cD\u00e9jalo ya!, No sirve de nada!, Eres pat\u00e9tico!,&nbsp;<\/p>\n\n\n\n<p>Yo no soy de los que abandonan los retos que me propongo. Me promet\u00ed a mi mismo que a pesar de los golpes, las heridas, y las mil derrotas, cumplir\u00e9 con el reto que debo terminar.<\/p>\n\n\n\n<p>No hay nadie que pueda detener mi fuerza de voluntad, mi valent\u00eda y mi sacrificio para llegar al final de mi destino.<\/p>\n\n\n\n<p>S\u00e9 que es agotador repetir siempre la misma batalla, pero cuanto m\u00e1s sigas intent\u00e1ndolo m\u00e1s orgulloso te sentir\u00e1s, por haber luchado por aquello que tanto te cost\u00f3 conseguir y que al final has logrado.<\/p>\n\n\n\n<div style=\"height:30px\" aria-hidden=\"true\" class=\"wp-block-spacer\"><\/div>\n\n\n\n<figure class=\"wp-block-image aligncenter size-full is-resized\"><img loading=\"lazy\" decoding=\"async\" width=\"640\" height=\"640\" src=\"https:\/\/compartiendoondas.com\/wp-content\/uploads\/2025\/05\/logo.jpg\" alt=\"\" class=\"wp-image-1758\" style=\"width:492px;height:auto\" srcset=\"https:\/\/compartiendoondas.com\/wp-content\/uploads\/2025\/05\/logo.jpg 640w, https:\/\/compartiendoondas.com\/wp-content\/uploads\/2025\/05\/logo-300x300.jpg 300w, https:\/\/compartiendoondas.com\/wp-content\/uploads\/2025\/05\/logo-150x150.jpg 150w\" sizes=\"auto, (max-width: 640px) 100vw, 640px\" \/><\/figure>\n","protected":false},"excerpt":{"rendered":"<p>COMPARTIENDO ONDAS 11 RETOS PARA NUESTRO MUNDO SOSTENIBLE: RESPETO A LA NATURALEZA Y A LAS PERSONAS Asociaci\u00f3n Mou-te. Capacitaci\u00f3 i Oci PARTICIPANTES Adriel, Marcos, David, Alejandro, Hugo, Marta A, Luc\u00eda, Rieta, M\u00f3nica, Eric, Marta C, Elena, \u00c9rika, Tania, Santi, Esteban, Jaume y Amparo. EQUIPO EDUCATIVO Clara, Carola, Bel\u00e9n, Anna y Luc\u00eda. El gran equipo de &hellip; <\/p>\n<p class=\"link-more\"><a href=\"https:\/\/compartiendoondas.com\/?page_id=880\" class=\"more-link\">Leer m\u00e1s<span class=\"screen-reader-text\"> \u00abCOMPARTIENDO ONDAS 11\u00bb<\/span><\/a><\/p>\n","protected":false},"author":2,"featured_media":0,"parent":2,"menu_order":11,"comment_status":"closed","ping_status":"closed","template":"page-templates\/no-title.php","meta":{"om_disable_all_campaigns":false,"_monsterinsights_skip_tracking":false,"_monsterinsights_sitenote_active":false,"_monsterinsights_sitenote_note":"","_monsterinsights_sitenote_category":0,"footnotes":""},"class_list":["post-880","page","type-page","status-publish","hentry"],"aioseo_notices":[],"_links":{"self":[{"href":"https:\/\/compartiendoondas.com\/index.php?rest_route=\/wp\/v2\/pages\/880","targetHints":{"allow":["GET"]}}],"collection":[{"href":"https:\/\/compartiendoondas.com\/index.php?rest_route=\/wp\/v2\/pages"}],"about":[{"href":"https:\/\/compartiendoondas.com\/index.php?rest_route=\/wp\/v2\/types\/page"}],"author":[{"embeddable":true,"href":"https:\/\/compartiendoondas.com\/index.php?rest_route=\/wp\/v2\/users\/2"}],"replies":[{"embeddable":true,"href":"https:\/\/compartiendoondas.com\/index.php?rest_route=%2Fwp%2Fv2%2Fcomments&post=880"}],"version-history":[{"count":22,"href":"https:\/\/compartiendoondas.com\/index.php?rest_route=\/wp\/v2\/pages\/880\/revisions"}],"predecessor-version":[{"id":1761,"href":"https:\/\/compartiendoondas.com\/index.php?rest_route=\/wp\/v2\/pages\/880\/revisions\/1761"}],"up":[{"embeddable":true,"href":"https:\/\/compartiendoondas.com\/index.php?rest_route=\/wp\/v2\/pages\/2"}],"wp:attachment":[{"href":"https:\/\/compartiendoondas.com\/index.php?rest_route=%2Fwp%2Fv2%2Fmedia&parent=880"}],"curies":[{"name":"wp","href":"https:\/\/api.w.org\/{rel}","templated":true}]}}